{"id":13,"date":"2015-08-17T22:20:35","date_gmt":"2015-08-17T22:20:35","guid":{"rendered":"http:\/\/coachflorianopolis.com.br\/?page_id=13"},"modified":"2023-05-08T22:59:14","modified_gmt":"2023-05-09T01:59:14","slug":"depoimentos","status":"publish","type":"page","link":"https:\/\/coachflorianopolis.com.br\/index.php\/depoimentos","title":{"rendered":"Depoimentos"},"content":{"rendered":"\t\t<div data-elementor-type=\"wp-page\" data-elementor-id=\"13\" class=\"elementor elementor-13\">\n\t\t\t\t\t\t<section class=\"elementor-section elementor-top-section elementor-element elementor-element-34325d23 elementor-section-boxed elementor-section-height-default elementor-section-height-default\" data-id=\"34325d23\" data-element_type=\"section\" data-e-type=\"section\">\n\t\t\t\t\t\t<div class=\"elementor-container elementor-column-gap-default\">\n\t\t\t\t\t<div class=\"elementor-column elementor-col-100 elementor-top-column elementor-element elementor-element-3706da61\" data-id=\"3706da61\" data-element_type=\"column\" data-e-type=\"column\">\n\t\t\t<div class=\"elementor-widget-wrap elementor-element-populated\">\n\t\t\t\t\t\t<div class=\"elementor-element elementor-element-825d01c elementor-widget elementor-widget-athemes-testimonials\" data-id=\"825d01c\" data-element_type=\"widget\" data-e-type=\"widget\" data-widget_type=\"athemes-testimonials.default\">\n\t\t\t\t<div class=\"elementor-widget-container\">\n\t\t\t\t\t\n\t\t<div class=\"widget_sydney_testimonials\">\n\t\t\t<i class=\"fa fa-quote-left\"><\/i>\n\t\t\t<div class=\"roll-testimonials\" data-autoplay=\"9984\">\n\t\t\t\t                    <div class=\"customer\">\n                        <blockquote class=\"whisper\"><p>Conheci o Cesar na tentativa de mudar o rumo profissional e pessoal da minha vida. Conversar com ele foi um fator decisivo nessa mudan\u00e7a. Ele me encorajou e soube mostrar as minhas qualidades como ningu\u00e9m havia feito antes. Ele certamente acreditou em mim e isso me fortaleceu! Sou muito grata por t\u00ea-lo conhecido e por ter recebido seus conselhos! Hoje sou extremamente realizada na minha vida pessoal e profissional!<\/p><\/blockquote>                               \n\t\t\t\t\t\t                        <div class=\"name\">\n                        \t<div class=\"testimonial-name\">C\u00e1ssia Both Carvalho<\/div>\n                        \t<span class=\"testimonial-position\">AERONAUTA<\/span>\n                        <\/div>\n                    <\/div>\n\t\t\t\t                    <div class=\"customer\">\n                        <blockquote class=\"whisper\"><p><span style=\"font-weight: 400\">\"H\u00e1 muitos anos fa\u00e7o terapia, mas sempre foi um processo lento. Resolvi buscar o trabalho do Coaching e de fato \u00e9 algo mais direcionado.<\/span><\/p><p><span style=\"font-weight: 400\">Cesar tem realizado v\u00e1rias t\u00e9cnicas que ajudam a ver as coisas com mais clareza em pouco tempo. Ele tem me ajudado muito na defini\u00e7\u00e3o dos meus projetos.\"<\/span><\/p><\/blockquote>                               \n\t\t\t\t\t\t                        <div class=\"name\">\n                        \t<div class=\"testimonial-name\">Elisabete Estorilio<\/div>\n                        \t<span class=\"testimonial-position\">M\u00c9DICA<\/span>\n                        <\/div>\n                    <\/div>\n\t\t\t\t                    <div class=\"customer\">\n                        <blockquote class=\"whisper\"><p><span style=\"font-weight: 400\">Quando procurei o Cesar, n\u00e3o tinha muita certeza do que eu gostaria de mudar em minha vida. Sabia que estava insatisfeito com minha situa\u00e7\u00e3o, tanto na \u00e1rea profissional como na pessoal e a partir do processo de Coaching, com as ferramentas apresentadas por ele, tudo aquilo que entendia de forma conceitual passei a perceber ou a enxergar de forma mais vis\u00edvel e palp\u00e1vel, vislumbrando um caminho para as mudan\u00e7as que deveriam ser feitas.<\/span><\/p><p><span style=\"font-weight: 400\">Embora eu saiba que o trabalho ainda n\u00e3o terminou posso afirmar que o Cesar \u00e9 capaz de fazer uma verdadeira transforma\u00e7\u00e3o em nossa vida, ou como ele mesmo diz: - \"Eu mostro o caminho, mas, quem caminha \u00e9 voc\u00ea\"<\/span><\/p><\/blockquote>                               \n\t\t\t\t\t\t                        <div class=\"name\">\n                        \t<div class=\"testimonial-name\">Pedro Luiz Ramos<\/div>\n                        \t<span class=\"testimonial-position\">ANALISTA DE LOG\u00cdSTICA EM COMERCIO EXTERIOR<\/span>\n                        <\/div>\n                    <\/div>\n\t\t\t\t                    <div class=\"customer\">\n                        <blockquote class=\"whisper\"><p><span style=\"font-weight: 400\">\"O trabalho com o Cesar tem sido muito eficaz para estabelecer um plano de a\u00e7\u00e3o que considere; objetivos, comportamentos a ajustar e inter-relacionamento pessoal. Considerando holisticamente a abrang\u00eancia, f\u00edsica, emocional e mental e com acompanhamento disciplinado e incentivador do Cesar, apesar do pouco tempo, j\u00e1 pude fazer mudan\u00e7as importantes na minha vida.\"<\/span><\/p><\/blockquote>                               \n\t\t\t\t\t\t                        <div class=\"name\">\n                        \t<div class=\"testimonial-name\">Alvaro de Angelis Cordeiro<\/div>\n                        \t<span class=\"testimonial-position\">Diretor Executivo de Recursos Humanos. Consultor Organizacional e de Planejamento Estrat\u00e9gico.<\/span>\n                        <\/div>\n                    <\/div>\n\t\t\t\t                    <div class=\"customer\">\n                        <blockquote class=\"whisper\"><p><span style=\"font-weight: 400\">\"Meu nome \u00e9 Ang\u00e9lica Farias. Procurei o Cesar para me ajudar com o processo de coaching de relacionamento.<\/span><\/p><p><span style=\"font-weight: 400\">Eu descobri muito mais coisa sobre mim do que eu podia imaginar, ele me ajudou a curar meus grandes traumas de inf\u00e2ncia, ele me ajudou a entender o por que eu queria a todo custo um parceiro (na verdade era uma falta que tinha em mim, e eu pensava que um homem poderia preencher essa falta), ele me ajudou tamb\u00e9m a melhorar o meu tom de voz, pois eu n\u00e3o falava eu gritava.<\/span><\/p><p><span style=\"font-weight: 400\">Enfim eu gostaria muito de agradecer do fundo de minha alma tudo o trabalho carinhoso atencioso e profissional que eu encontrei no Cesar. Super indico!\"<\/span><\/p><\/blockquote>                               \n\t\t\t\t\t\t                        <div class=\"name\">\n                        \t<div class=\"testimonial-name\">Angelica Farias<\/div>\n                        \t<span class=\"testimonial-position\"> Empres\u00e1ria e Coach<\/span>\n                        <\/div>\n                    <\/div>\n\t\t\t\t                    <div class=\"customer\">\n                        <blockquote class=\"whisper\"><p><span style=\"font-weight: 400\">\"Quero deixar aqui um breve relato e meu agradecimento. N\u00e3o tinha no\u00e7\u00e3o de o quanto poderia ser importante para uma mudan\u00e7a fazer Coaching. N\u00e3o nos damos conta de que alguns gatilhos podem nos derrubar e que outros podem nos erguer ou reerguer. E isto foi o que me aconteceu: reergui. A cada sess\u00e3o de Coaching um novo gatilho despertador foi ativado e, com este impulso, consegui dar novos rumos \u00e0 vida pessoal e profissional.<\/span><\/p><p><span style=\"font-weight: 400\">Obtive novos horizontes, mais promissores. Seria incorreto dizer que \u2018foi\u2019 um sucesso, porque \u2018continua sendo\u2019 um sucesso, quando percebo que certas atitudes e pensamentos que tenho hoje est\u00e3o mudados a partir do trabalho que Cesar fez comigo. Por isso, Coach Cesar, deixo aqui meu muito obrigada!<\/span><\/p><\/blockquote>                               \n\t\t\t\t\t\t                        <div class=\"name\">\n                        \t<div class=\"testimonial-name\">Anny Maciel<\/div>\n                        \t<span class=\"testimonial-position\">Manager<\/span>\n                        <\/div>\n                    <\/div>\n\t\t\t\t\t\t\t<\/div>\n\t\t<\/div>\t\n\n\t\t\t\t\t\t<\/div>\n\t\t\t\t<\/div>\n\t\t\t\t\t<\/div>\n\t\t<\/div>\n\t\t\t\t\t<\/div>\n\t\t<\/section>\n\t\t\t\t<\/div>\n\t\t","protected":false},"excerpt":{"rendered":"<p>Conheci o Cesar na tentativa de mudar o rumo profissional e pessoal da minha vida. Conversar com ele foi um fator decisivo [&hellip;]<\/p>\n","protected":false},"author":1,"featured_media":0,"parent":0,"menu_order":0,"comment_status":"open","ping_status":"open","template":"","meta":{"footnotes":""},"class_list":["post-13","page","type-page","status-publish","hentry"],"_links":{"self":[{"href":"https:\/\/coachflorianopolis.com.br\/index.php\/wp-json\/wp\/v2\/pages\/13","targetHints":{"allow":["GET"]}}],"collection":[{"href":"https:\/\/coachflorianopolis.com.br\/index.php\/wp-json\/wp\/v2\/pages"}],"about":[{"href":"https:\/\/coachflorianopolis.com.br\/index.php\/wp-json\/wp\/v2\/types\/page"}],"author":[{"embeddable":true,"href":"https:\/\/coachflorianopolis.com.br\/index.php\/wp-json\/wp\/v2\/users\/1"}],"replies":[{"embeddable":true,"href":"https:\/\/coachflorianopolis.com.br\/index.php\/wp-json\/wp\/v2\/comments?post=13"}],"version-history":[{"count":19,"href":"https:\/\/coachflorianopolis.com.br\/index.php\/wp-json\/wp\/v2\/pages\/13\/revisions"}],"predecessor-version":[{"id":580,"href":"https:\/\/coachflorianopolis.com.br\/index.php\/wp-json\/wp\/v2\/pages\/13\/revisions\/580"}],"wp:attachment":[{"href":"https:\/\/coachflorianopolis.com.br\/index.php\/wp-json\/wp\/v2\/media?parent=13"}],"curies":[{"name":"wp","href":"https:\/\/api.w.org\/{rel}","templated":true}]}}